te (-2 - -24) + 34 + -93.
-37
-1689 + 1644 - (-1 - 48)
4
Calculate -28 + (85 - 44) - -36.
49
Evaluate 29 + -59 + -35 + 28.
-37
Calculate -629 + 639 + (-36 - (23 + -10)).
-39
Evaluate 159 - (-112 + 203 - 7).
75
What is 20 + -65 + 42 + 6?
3
What is the value of (0 - -5) + (-18 - -31 - 38) + 14?
-6
What is -13 - (-17 + 17 + (-19 + 1 - 15))?
20
What is (-1 - -15) + 12 + (-3 - 54 - -40)?
9
What is 96 + -85 + -34 - (21 + 1)?
-45
What is the value of 73 + -94 - (44 - -2)?
-67
Evaluate 4 + (-19 + -46 + 105 - 17).
27
Evaluate (-3 - 29) + -51 + 67 - -51.
35
Calculate -103 + 143 - (-3 + -2 + 5 + 2).
38
187 + (80 - 104 - 75)
88
Evaluate (5 - -69) + -1594 + 1618.
98
What is the value of -62 + 60 + (38 - 3)?
33
What is the value of -8 + -2 - (9 + (-9 - (6 - 11 - -8)))?
-7
What is 4 + 0 - 6 - (69 + (-22 - -7) - 7)?
-49
Evaluate 38 + -11 + -26 + 37 + (3 - 19).
22
What is the value of 0 - -2 - (-421 + 424) - 12 - (2 - 69)?
54
-55 + (111 + -53 - 2)
1
Calculate (6 - (-107 + 2)) + -40 + (50 - 6).
115
What is the value of -7 + (-15 - -23) + 2 + -65 - -5?
-57
Calculate -2 - -4 - ((9 - (-4 - -11 - 12)) + -53).
41
-68 + (21 - -38) + -61
-70
What is the value of 0 + -50 + -320 + 322?
-48
What is (0 - -17 - (114 + -114)) + 10?
27
What is 111 - (-235 + 252 - (23 + -1) - (-13 - -1))?
104
-13 - 29 - -26 - (6 + -13 + 1 + 4)
-14
-59 + (12 + -60 - -72)
-35
Evaluate -3 + 2 + 2 + -11 + 218 + -197 + 42.
53
What is 8 + 1 + -17 + (74 - 69) - 3?
-6
What is the value of 5 - (35 + -40 + (8 - -2) + 0 + 2)?
-2
38 + (-8 - 30 - -36) + -133
-97
What is the value of (2 - -1) + 8 + 4 + -308 + 301?
8
Calculate -1 + (-4 - -2) + (52 - 67) - 9.
-27
Calculate -2 + 7 + ((2 - (14 - 12)) + 13 - -13).
31
Calculate -4 - (-5 + -76) - -15.
92
Evaluate (28 - 10) + (-28 - -21 - -17).
28
Evaluate (14 - (38 + -13)) + (-6 - (2 + -11)).
-8
Evaluate -2 + 5 + -1 + 11 + 4 + -9 - 3.
5
What is the value of -48 + 38 + (-39 - -96)?
47
Evaluate -7 + (-15 - -7 - 3 - 3).
-21
What is (-891 - -896 - (0 - 115)) + -18?
102
What is 33 - (122 - 42) - -36?
-11
Evaluate (113 - 0) + 10187 + -10333.
-33
Evaluate (42 - -1) + (93 + -42 - 22).
72
What is -56 + 0 + (2 - ((76 - 97) + 18 + -4))?
-47
Calculate 39 + -88 + 19 + 6 - 65.
-89
Evaluate 9 - (-65 + 39 + 12 - (-2 + -63)).
-42
Evaluate 92 + -99 - (2 + 1) - -13.
3
Calculate -4 + 91 + (515 - 619).
-17
Evaluate -13 - (1 - (0 + -9 - (-1 + -3) - -101)).
82
-18 + -10 + (42 - 37) + 124
101
Evaluate 6 + (-60 - 54) + 188.
80
What is the value of 71 - (-17 + 38 - -1)?
49
2 + (20 - 19 - 5)
-2
2 + (-14 + 23 + -21 - (3 - 74)) + 12
73
What is 0 - (3 - (8 + -22)) - -56?
39
Calculate (184 - (282 - 137)) + (-17 - (2 + -2)).
22
-19 + 1 - (700 - 682 - (1 + 10))
-25
What is 13 - -49 - (-63 - -179)?
-54
-9 + -5 + 45 + -56 + -2 + 11
-16
What is (-38 + 70 - 34) + -30 + -1 + 3?
-30
Evaluate (-44 - (-8 - (1 + -7))) + 1 + 12.
-29
(55 - 4) + 46 + -4 + -40
53
Evaluate 166 + -45 + 40 + -42 + -9 + -2.
108
What is (25 - 18) + 8 + (-6 - 2) + (-4 - -10)?
13
What is the value of -9 - ((-11 - -6) + (24 - 19))?
-9
-33 - (-11 - 20) - ((1 - 4) + 49 - 0)
-48
What is the value of (-61 - 3) + (3 + 10 - 24 - -24)?
-51
What is (1 - 3 - (7 + -4)) + (3157 - 3155)?
-3
What is the value of (1 - -22) + (17855 - 17985)?
-107
Calculate (-34 - (-9 - (-1 + 1))) + -4 - (-9 + 13).
-33
What is -152 - -159 - ((18 - 33) + -28)?
50
17 + (-21 + 34 - (6 - (-9 - -8)))
23
What is 2 + 0 + -1 + -948 + 920?
-27
What is the value of (-4 - 14) + (606 - 532)?
56
29 + ((-20 - -38) + 2 - 3)
46
Evaluate -114 - (-8 + -119 - 0).
13
What is 2664 + -2658 - (0 + 1 + -32 + -1)?
38
What is 22 + 29 + -63 - (1 + -1 + 1)?
-13
Calculate -2 + 5 + -72 + -4 + (-51 - (-47 + -11)).
-66
Evaluate -42 + 37 - -16 - (-18 - -9).
20
What is -32 - ((80 - 29) + -92)?
9
What is (1 - 9) + -75 + 75 + (4 - (10 + 3))?
-17
-47 - (-46 - -23 - (-6 - (6 - 2)))
-34
What is 8 + -62 + (-5 + 47 + -10 - 9 - 12)?
-43
Calculate (79 - 151) + 84 - (0 + -30).
42
Calculate -1 + (-28 - 1 - 5) + -9 + 7 + -4.
-41
30 + -159 + 82 - -75
28
Calculate (86 - 88) + (48 - 50 - (34 - 0)).
-38
What is (-50 - -56 - (13 + 7)) + 17 + -2?
1
Calculate -45 + -26 + 7 - (13 - -1).
-78
What is -13 + 6 - (-3 + 3 - -32)?
-39
What is 239 + -222 - (20 - -5)?
-8
Evaluate (0 - (0 + 1)) + (-170 - -162) - (5 - 0).
-14
Calculate -7 + -19 + 2 + (31 - -2).
9
What is -7 - 59 - (6 - (8 - -3) - 1)?
-60
Calculate 13 + 19 - 18 - (37 + 0 - 0).
-23
What is -16 - -83 - (-67 + 121)?
13
-87 - -7 - (-11 - (-13 - -6)) - (-2 + 0)
-74
What is 3603 + -3679 - (2 + -126)?
48
Calculate -2 - -12 - (-41 + 17 + 40).
-6
What is the value of 98 - (16 - (22 - 73))?
31
46 - (0 - (-121 + 46))
-29
Calculate -30 - (45 + 17) - (-4 + (29 - 15)).
-102
What is the value of 10 + (-2 + 0 - 12) + 0 + (167 - 207)?
-44
What is -59 + 0 + -340 + -43 + 406?
-36
What is -6 - -8 - ((-1 - 8 - (376 - 386)) + -65)?
66
-1 + 10 - ((-29 - -6) + 4)
28
Evaluate 64 + (-4 + -18 - 30).
12
(-1 - -9) + -2 + (32 - 33) + -16 + -16
-27
Evaluate (4 + 0 + (7 - -1) - 18) + -5 + 2.
-9
Evaluate (11 - (1 - -1)) + (-92 - -86 - -33).
36
((-5 - -6) + -11 - 8) + 4 + -18
-32
41 + (85 - 151 - -101)
76
What is (1 - 29) + (-6 - -6) + (-7 - (12 - 12))?
-35
What is the value of (19 - (6 - -8)) + 0 + 21?
26
Evaluate 0 + -18 - 59 - -30.
-47
Evaluate -6 - ((4 - 43) + -105) - 35.
103
5 - (15 - (-62 + 77))
5
Evaluate 23 + (-13 - -7) + 6 + -7 + 171 + -63.
124
What is 20 + -24 + -54 + 54 - -135?
131
Calculate -88 - 40 - 115 - -136.
-107
27 + (59 - (47 + 16))
23
Evaluate (11 + 80 - 220) + 20 + 1 + -12 + 0.
-120
What is 7 - (29 + -11) - -5 - (20 + (61 - 9))?
-78
What is ((-11 - 6) + 9 + -8 - -23) + -1?
6
Calculate 2 + -2 + (2 - (-17 + 37 + -4)) - -9.
-5
Calculate 404 + -324 + -55 + -3.
22
What is (25 - -13 - 68) + -91 + 8?
-113
-5 + (14 + -21 - (-18 - -44))
-38
(7 - -2) + (23 - (16 + -4 - -15))
5
What is 11 - 1 - (75 - (-2 - -58)) - (1 - 38)?
28
Calculate -7 + 2 - ((1 - -6) + (-114 - -87)).
15
227 + -188 + -31 + (1 - -1) + -1 + -3
6
What is the value of 172 + -58 - 198 - -97?
13
What is -81 + (-14 - -4 - (-32 - (-3 + -22)))?
-84
What is the value of -828 + 812 + 2 + -34?
-48
Evaluate (-241 - -255) + 0 + -13 + 25.
26
Calculate 6 + 0 + (-87 - -39).
-42
-10 - 11 - (-8 + -7 + (43 - 11 - 6))
-32
Evaluate -14 - (-1 - 151 - (-3238 + 3214)).
114
Evaluate -34 + (4 - -2 - (-3 - (18 - 12))).
-19
(9 - 45 - (-2 - 19)) + 6 + -14
-23
What is the value of -11 - (-26 - -80 - 47)?
-18
Calculate 27 - ((3 - -2) + 4 + 9 + -3 + -8).
20
Calculate -47 + (39 - 57) + 35.
-30
31 + (-14 - -10) - (61 - -23)
-57
What is -1 + -13 + 14 - (-49 + 58)?
-9
Calculate -19 + -101 - (-33 + (2 - -2)).
-91
Evaluate -12 + (27 - 13 - 26 - (-167 + (11 - 8))).
140
(-95 - -93 - ((1 - 1) + 9 + -5)) + 76
70
-196 + 201 - (1 - 20)
24
What is 9 - (39 + 21) - -24?
-27
What is (-12 - 18) + 8 + (36 - 32)?
-18
What is -1 + (134 + -93 - 51 - (-41 - -1))?
29
What is the value of 19 + -21 + -4 + (-13 - -1)?
-18
What is 64 + (62 - (224 - 122))?
24
What is the value of (-2210 - -2165) + 6 + 1 + 0 - 0?
-38
Evaluate 22 + 1269 + -1207 + 31 + -2.
113
(-804 - -852) + (-35 - 1)
12
(17 - 10) + -9 + 36 + -9 + (-12 - -17)
30
68 + (-13 + 0 + -1 - (73 + -73))
54
-21 + (5 - (2 + (13 - -4))) + 4
-31
Evaluate -231 + 235 + (14 - 1) + 18.
35
What is 3 + -4 + -9 + (-4 - -13) + 42?
41
What is the value of 0 + -4 - (-16 - -5) - (-719 - -749)?
-23
What is the value of (84 - (13 - -45)) + 27?
53
-8 + 19 - ((19 + -18 - 33) + 4)
39
What is the value of -23 + (26 - 17) + -1 + 54 + -1?
38
14 - -8 - (0 + 15 - (457 + -344))
120
What is 71 + (1 - (7 + (-1 - 2))) - (8367 + -8354)?
55
Calculate 8 + -26 + (1 - -46) - -1.
30
-19 - ((25 - (18 + -24)) + -10)
-40
Evaluate -54 + -75 + (-21 - -86).
-64
(5 - 6) + (57 - (18 - -11))
27
(-96 - -1) + -1146 + 1152
-89
What is (28 + -2 - 11) + -27 - -58?
46
84 - (16 + 39 + -14)
43
Evaluate (8 - (109 - 6)) + -8 - (-68 + 50).
-85
Evaluate -19 - ((-4 - -13 - 3) + (11 + -25 - 1)).
-10
Evaluate -842 - -812 - (57 + -1).
-86
What is the value of 9 - (-4 + -12 - (48 - 80))?
-7
Calculate (-3 - (4 + -88)) + -236 + 271.
116
Evaluate 46 - (-36 + -9 + 44 + 111).
-64
What is 14 + -19 + 1 + -18 + -1?
-23
What is -1035 - -967 - (-1 - 47)?
-20
What is the value of -80 + -82 + 96 - 28?
-94
What is (-42 - 2) + (4 - 25) + -1 + 22 + 4?
-40
What is the value of -4 - 48 - (-